- w = -3*j, 2*j - 3*z = -j + 96. Calculate the remainder when j is divided by 9.
8
Let c(q) = 15*q**2 + 34*q - 35. What is the remainder when 419 is divided by c(1)?
13
Let g(a) = -a**3 - 21*a**2 - 18*a - 80. Calculate the remainder when g(-21) is divided by 43.
40
Let a(u) = u + 3. Let q be a(0). Suppose -31 = q*l - 22. What is the remainder when (-108)/(-8)*(-2)/l is divided by 6?
3
Let c = 347 - 136. Calculate the remainder when c is divided by 31.
25
Suppose 0 = 3*f + 473 - 485. Let u = -1 - -16. Suppose 67 = f*c + u. What is the remainder when 49 is divided by c?
10
Suppose 0 = -74*k + 80*k - 300. Let d(b) = 2*b**2 + 9*b + 2. What is the remainder when k is divided by d(-6)?
10
Let t = 25 - 1. Calculate the remainder when t is divided by 10.
4
Let q be (1 - -26)*5/((-30)/(-56)). Suppose q = 10*o - 6*o. What is the remainder when o is divided by 14?
7
Suppose 5*r + 121 = -48*g + 50*g, -r - 149 = -3*g. What is the remainder when 180 is divided by g?
36
Suppose s = 2*i + 5, -4*i - 11 + 46 = s. Let m = 197 + -194. What is the remainder when s is divided by m?
0
Suppose 810 = 9*u - 126. What is the remainder when u is divided by 7?
6
Let v(z) = -z**2 - 8*z + 9. Let y be v(-7). Suppose u + 2 + 0 = 0. Let l = y - u. Calculate the remainder when 69 is divided by l.
15
Suppose b = 2*z + 84, -242 = -5*b - 4*z + 192. Calculate the remainder when b is divided by 11.
9
Let k = 47 - 46. What is the remainder when 42 is divided by ((-84)/4 + (0 - k))*-1?
20
Let w = 276 - 80. Calculate the remainder when w is divided by 50.
46
Let v(t) = 19*t + 2. Let w(a) = a**2 + 9*a + 2. Let r be w(-9). What is the remainder when 118 is divided by v(r)?
38
Let v = -129 - -152. What is the remainder when 319 is divided by v?
20
Let o = 2044 + -2029. Calculate the remainder when 206 is divided by o.
11
Suppose -10 = 9*t - 4*t, -5*q + 41 = -3*t. Suppose 11*l = q*l + 76. What is the remainder when 36 is divided by l?
17
Let m(p) = p - 14. Let o(t) = 1. Let r(w) = m(w) - o(w). Calculate the remainder when r(17) is divided by 2.
0
Let z be (6/15)/((-1)/(-30)). Suppose -5*p + 113 = -z. What is the remainder when p is divided by (-7 - -6)/(-3 + (-78)/(-27))?
7
Suppose -2*t = -4*i + 226, -2*i - t = -17 - 94. Calculate the remainder when 558 is divided by i.
54
Let q(d) = 2*d**3 - 4*d**2 + 11*d - 10. Calculate the remainder when 357 is divided by q(2).
9
Let z(u) = 10*u - 19. What is the remainder when 125 is divided by z(4)?
20
Let f(u) = -u**3. Let q(i) = -4*i**3 - 13*i**2 - 13*i + 4. Let x(l) = -3*f(l) + q(l). What is the remainder when 61 is divided by x(-12)?
13
Let a(c) = -150*c**3 - 6*c - 7. What is the remainder when a(-1) is divided by 50?
49
Let d(v) = -2*v**3 + v**2. Let p be d(-1). What is the remainder when (-2)/p + 1/3*116 is divided by 8?
6
Suppose 4*t + 47 = -53. What is the remainder when 124 is divided by ((-10)/(-5))/(-2)*t?
24
Let l(b) = -b + 1. Let h be l(3). What is the remainder when (-17 + 16)/(h/34) is divided by 11?
6
Calculate the remainder when 65 - (7 + -4 - 0) is divided by 9.
8
Calculate the remainder when 201 is divided by ((-2)/7)/((-17)/238) - -47.
48
Suppose 108 = 844*i - 838*i. Let b(l) = l**2 + 2*l + 3. Calculate the remainder when i is divided by b(-4).
7
Let g(r) be the second derivative of 4*r**3/3 + 2*r. Suppose 3*o - 7 = -5*t, 0*o - 3*t - 23 = -5*o. Calculate the remainder when g(o) is divided by 17.
15
Let a be 3/(1/(3 - 2)). Suppose -20 = 4*t - a*t. Let s = t - -38. What is the remainder when s is divided by 10?
8
Let q(z) = -6*z - 6. Suppose -3*m - 46 = 2. Suppose 15 = 5*w + o - 99, 49 = 2*w - 3*o. Calculate the remainder when q(m) is divided by w.
21
Let g be -3 - -1 - (16 - -47). Let o = -33 - g. Calculate the remainder when 125 is divided by o.
29
Suppose x + 3*i = 412, -5*i + 10 = -0. Calculate the remainder when x is divided by 51.
49
Let q(a) = 46*a - 6. Let k(f) = -15*f + 2. Let p(y) = -8*k(y) - 3*q(y). Let n be p(-6). Let j = 165 - n. What is the remainder when j is divided by 14?
13
Let t(p) = p**3 + 9*p**2 + 11*p + 5. Suppose 5*s + c = -38, s + 2*c = -5 - 8. Calculate the remainder when 47 is divided by t(s).
21
Suppose -24 = -2*l + 18. Let a = 12 - 6. Calculate the remainder when l is divided by a.
3
Suppose 5*y + 7 = 67. Let h(a) = -a**2 + 14*a - 17. Let b(u) = -u**3 - 7*u**2 + 6*u + 4. Calculate the remainder when b(-8) is divided by h(y).
6
Let m = 204 + -108. What is the remainder when m is divided by ((-11)/(-22))/((-2)/(-100))?
21
Suppose -10*m = -7*m. Suppose 4*z - 5*k - 383 = m, 5*k + 72 + 35 = z. Suppose 12 = 4*n - z. What is the remainder when 75 is divided by n?
23
Let i(l) = 2*l**2 - l. Suppose 5*p + 47 = 4*b, 65 = -5*p - 4*b - b. Let g = 15 + p. What is the remainder when i(g) is divided by 15?
13
Let j(k) = 2*k + 2. Let h(v) = 7*v - 4 - 20*v + 5*v + 5*v. Let t(u) = 3*h(u) + 5*j(u). What is the remainder when 5 is divided by t(5)?
2
Let j(v) = -2*v**2 + 57*v - 122. What is the remainder when (2 - 3)*-3*7 is divided by j(26)?
5
Suppose -2*q + 74 = 2*m, 3*m + q = 77 + 26. What is the remainder when 127 is divided by m?
28
Suppose -5*g + 4*g + 2 = 0. Suppose g*b = -0*b + 34. What is the remainder when 492/15 + 8/(-10) is divided by b?
15
Let o(h) = -2*h**2 - 65*h + 35. Suppose 22 = 2*x + 2*t, -3*t - t = x - 23. What is the remainder when x is divided by o(-33)?
1
Suppose -3*a + 113 = 11. Let w = a - 24. Suppose -2*q + w = -30. What is the remainder when q is divided by 7?
6
Suppose -2*f + 4 + 10 = -4*h, 3 = f - 3*h. Calculate the remainder when f is divided by 6.
3
Let p = -690 + 754. Calculate the remainder when p is divided by 33.
31
Suppose a - 21 = 2*v, 3*a - 31 = -v + 39. Let h = 232 + -165. What is the remainder when h is divided by a?
21
Let n(i) = -i. Let q be n(-4). Suppose q*g - y = 28, 2*y + 35 = 8*g - 3*g. Let o = 1 + 3. What is the remainder when g is divided by o?
3
Suppose 0 = 6*n + 310 - 988. What is the remainder when n is divided by 57?
56
Let x = 966 - 942. Calculate the remainder when 647 is divided by x.
23
Suppose -5*g - 2*m + 32 = 0, 1 = g + 4*m - 9*m. Let c be 8*(2/4 + 1). Suppose 0 + 8 = 3*f + 2*j, 4*f + 4*j = c. Calculate the remainder when g is divided by f.
0
Let n(x) = x**2 - 4*x + 2. Let l be n(4). Suppose -47 + 127 = l*q. Calculate the remainder when q is divided by (-12 + -2)*2/(-2).
12
Let l(p) = -p**3 + 12*p**2 - 3*p + 38. What is the remainder when 3 is divided by l(12)?
1
Let g(o) = 22*o - 5. Let i be g(2). Let r = -17 + i. Calculate the remainder when 65 is divided by r.
21
What is the remainder when (3220/8)/7 - (-5)/10 is divided by 13?
6
Let x(q) = 243 - 496 + 247 - 6*q. Suppose 3 = 3*r + 5*h, -1 - 10 = 2*r - h. Calculate the remainder when x(r) is divided by 7.
4
Suppose 0 = -4*q + 5*w + 293 + 167, -204 = -2*q - 4*w. Calculate the remainder when q is divided by 7/(35/(-10))*-14.
26
Let w = 1322 + -1221. What is the remainder when 314 is divided by w?
11
What is the remainder when 67 is divided by (1820/637)/(2*2/14)?
7
Let o = 17 + -13. Suppose -5*w + 312 = x, 0 = -5*w + o*w + 3*x + 72. What is the remainder when w is divided by 33?
30
Suppose 28 = -5*w + 148. Let q(g) = -g**3 - 21*g**2 - 21*g - 15. Let c be q(-20). Let n = c + w. What is the remainder when n is divided by 10?
9
Let m = -660 + 667. What is the remainder when 649 is divided by m?
5
Let f(m) = 6 - m + 1 - 3. Let q = -66 - -70. Calculate the remainder when f(-10) is divided by q.
2
Let p = 24 - -21. Let i(y) = 11*y + 1. Let a = 2 - 1. What is the remainder when p is divided by i(a)?
9
Let l(g) = -3*g - 20. Let d be l(-8). Suppose i = -4, s + d*s - 195 = 5*i. What is the remainder when 135 is divided by s?
30
Let s be (-489)/(-6) - (-2)/(-4). Suppose 0 = -8*t + 23 + s. Calculate the remainder when t is divided by 5.
3
Let z = 1374 - 909. Calculate the remainder when z is divided by 26.
23
Let r(s) = -s**3 + 6*s**2 + 7*s - 2. Let g(p) = -p + 7. Let d(l) = 5*l + 11. Let o be d(-5). Calculate the remainder when r(6) is divided by g(o).
19
Suppose -k + 4*m = -4, -k = 4*k + 2*m - 64. Suppose -f = 35 - 0. Let a = -30 - f. Calculate the remainder when k is divided by a.
2
Suppose -30 = -5*p + 5*j, 16*j = 17*j - 2. What is the remainder when 228 is divided by p?
4
Suppose 2*h + 2*q - 105 = q, -158 = -3*h - 2*q. S